{"id":154,"date":"2022-02-26T00:53:44","date_gmt":"2022-02-26T00:53:44","guid":{"rendered":"https:\/\/vivetietar.com\/?page_id=154"},"modified":"2022-03-05T19:47:52","modified_gmt":"2022-03-05T19:47:52","slug":"campamentos","status":"publish","type":"page","link":"https:\/\/vivetietar.com\/?page_id=154","title":{"rendered":"Colegios y Campamentos de Verano"},"content":{"rendered":"\n<h5 class=\"wp-block-heading\">Traves\u00eda \/ Ruta <\/h5>\n\n\n\n<p>Esta actividad est\u00e1 orientada a combinar el juego con la ense\u00f1anza de las t\u00e9cnicas necesarias para el manejo de una canoa.<\/p>\n\n\n\n<p>Se imparte te\u00f3rica en orilla sobre el manejo de la pala y qu\u00e9 problemas podemos encontrar en una salida en canoa y c\u00f3mo solucionarlos.<\/p>\n\n\n\n<p>Despu\u00e9s iremos al agua y realizaremos un recorrido por el <strong>pantano de Rosarito<\/strong>, practicando lo aprendido y nos divertiremos con diversos juegos did\u00e1cticos.<\/p>\n\n\n\n<figure class=\"wp-block-gallery has-nested-images columns-3 is-cropped wp-block-gallery-1 is-layout-flex wp-block-gallery-is-layout-flex\">\n<figure class=\"wp-block-image size-large is-style-rounded\"><a href=\"https:\/\/vivetietar.com\/wp-content\/uploads\/2022\/03\/vivetietar_campamentos_02.jpg\" target=\"_blank\" rel=\"noopener\"><img loading=\"lazy\" decoding=\"async\" width=\"1024\" height=\"576\" data-id=\"229\" src=\"https:\/\/vivetietar.com\/wp-content\/uploads\/2022\/03\/vivetietar_campamentos_02-1024x576.jpg\" alt=\"\" class=\"wp-image-229\" srcset=\"https:\/\/vivetietar.com\/wp-content\/uploads\/2022\/03\/vivetietar_campamentos_02-1024x576.jpg 1024w, https:\/\/vivetietar.com\/wp-content\/uploads\/2022\/03\/vivetietar_campamentos_02-300x169.jpg 300w, https:\/\/vivetietar.com\/wp-content\/uploads\/2022\/03\/vivetietar_campamentos_02-768x432.jpg 768w, https:\/\/vivetietar.com\/wp-content\/uploads\/2022\/03\/vivetietar_campamentos_02-1536x864.jpg 1536w, https:\/\/vivetietar.com\/wp-content\/uploads\/2022\/03\/vivetietar_campamentos_02.jpg 1600w\" sizes=\"auto, (max-width: 1024px) 100vw, 1024px\" \/><\/a><\/figure>\n\n\n\n<figure class=\"wp-block-image size-large is-style-rounded\"><a href=\"https:\/\/vivetietar.com\/wp-content\/uploads\/2022\/03\/vivetietar_campamentos_03.jpg\" target=\"_blank\" rel=\"noopener\"><img loading=\"lazy\" decoding=\"async\" width=\"1024\" height=\"576\" data-id=\"230\" src=\"https:\/\/vivetietar.com\/wp-content\/uploads\/2022\/03\/vivetietar_campamentos_03-1024x576.jpg\" alt=\"\" class=\"wp-image-230\" srcset=\"https:\/\/vivetietar.com\/wp-content\/uploads\/2022\/03\/vivetietar_campamentos_03-1024x576.jpg 1024w, https:\/\/vivetietar.com\/wp-content\/uploads\/2022\/03\/vivetietar_campamentos_03-300x169.jpg 300w, https:\/\/vivetietar.com\/wp-content\/uploads\/2022\/03\/vivetietar_campamentos_03-768x432.jpg 768w, https:\/\/vivetietar.com\/wp-content\/uploads\/2022\/03\/vivetietar_campamentos_03-1536x864.jpg 1536w, https:\/\/vivetietar.com\/wp-content\/uploads\/2022\/03\/vivetietar_campamentos_03.jpg 1600w\" sizes=\"auto, (max-width: 1024px) 100vw, 1024px\" \/><\/a><\/figure>\n\n\n\n<figure class=\"wp-block-image size-large is-style-rounded\"><a href=\"https:\/\/vivetietar.com\/wp-content\/uploads\/2022\/03\/vivetietar_campamentos_04.jpg\" target=\"_blank\" rel=\"noopener\"><img loading=\"lazy\" decoding=\"async\" width=\"1024\" height=\"576\" data-id=\"231\" src=\"https:\/\/vivetietar.com\/wp-content\/uploads\/2022\/03\/vivetietar_campamentos_04-1024x576.jpg\" alt=\"\" class=\"wp-image-231\" srcset=\"https:\/\/vivetietar.com\/wp-content\/uploads\/2022\/03\/vivetietar_campamentos_04-1024x576.jpg 1024w, https:\/\/vivetietar.com\/wp-content\/uploads\/2022\/03\/vivetietar_campamentos_04-300x169.jpg 300w, https:\/\/vivetietar.com\/wp-content\/uploads\/2022\/03\/vivetietar_campamentos_04-768x432.jpg 768w, https:\/\/vivetietar.com\/wp-content\/uploads\/2022\/03\/vivetietar_campamentos_04-1536x864.jpg 1536w, https:\/\/vivetietar.com\/wp-content\/uploads\/2022\/03\/vivetietar_campamentos_04.jpg 1600w\" sizes=\"auto, (max-width: 1024px) 100vw, 1024px\" \/><\/a><\/figure>\n\n\n\n<figure class=\"wp-block-image size-large\"><a href=\"https:\/\/vivetietar.com\/wp-content\/uploads\/2022\/03\/vivetietar_campamentos_01.jpg\" target=\"_blank\" rel=\"noopener\"><img loading=\"lazy\" decoding=\"async\" width=\"1024\" height=\"576\" data-id=\"228\" src=\"https:\/\/vivetietar.com\/wp-content\/uploads\/2022\/03\/vivetietar_campamentos_01-1024x576.jpg\" alt=\"\" class=\"wp-image-228\" srcset=\"https:\/\/vivetietar.com\/wp-content\/uploads\/2022\/03\/vivetietar_campamentos_01-1024x576.jpg 1024w, https:\/\/vivetietar.com\/wp-content\/uploads\/2022\/03\/vivetietar_campamentos_01-300x169.jpg 300w, https:\/\/vivetietar.com\/wp-content\/uploads\/2022\/03\/vivetietar_campamentos_01-768x432.jpg 768w, https:\/\/vivetietar.com\/wp-content\/uploads\/2022\/03\/vivetietar_campamentos_01-1536x864.jpg 1536w, https:\/\/vivetietar.com\/wp-content\/uploads\/2022\/03\/vivetietar_campamentos_01.jpg 1600w\" sizes=\"auto, (max-width: 1024px) 100vw, 1024px\" \/><\/a><\/figure>\n<\/figure>\n\n\n\n<figure class=\"wp-block-table is-style-regular\"><table class=\"has-white-color has-vivid-cyan-blue-background-color has-text-color has-background\"><tbody><tr><td><strong>COLEGIOS Y CAMPAMENTOS DE VERANO<\/strong><\/td><td><\/td><\/tr><tr><td>Dificultad<\/td><td>F\u00e1cil<\/td><\/tr><tr><td>Edad<\/td><td>Todas<\/td><\/tr><tr><td>Imprescindible<\/td><td>Saber nadar<\/td><\/tr><tr><td>Grupo m\u00ednimo<\/td><td>30 personas<\/td><\/tr><tr><td>Grupo m\u00e1ximo<\/td><td>50 personas<\/td><\/tr><tr><td>Duraci\u00f3n<\/td><td>2 horas<\/td><\/tr><tr><td>Precio<\/td><td>10\u20ac \/per.<\/td><\/tr><\/tbody><\/table><\/figure>\n\n\n\n<h5 class=\"wp-block-heading\">Viveti\u00e9tar aporta:<\/h5>\n\n\n\n<ul class=\"wp-block-list\"><li>Gu\u00eda experto en remo<\/li><li>Embarcaci\u00f3n antivuelco.<\/li><li>Chaleco salvavidas.<\/li><li>Palas de remo<\/li><li>Bid\u00f3n estanco para enseres personales.<\/li><li>Traje y botas de neopreno (seg\u00fan \u00e9poca del a\u00f1o).<\/li><li>Seguro RC<\/li><li>Seguro accidentes y botiqu\u00edn<\/li><\/ul>\n","protected":false},"excerpt":{"rendered":"<p>Traves\u00eda \/ Ruta Esta actividad est\u00e1 orientada a combinar el juego con la ense\u00f1anza de las t\u00e9cnicas necesarias para el<\/p>\n","protected":false},"author":2,"featured_media":232,"parent":0,"menu_order":0,"comment_status":"closed","ping_status":"closed","template":"","meta":{"colormag_page_container_layout":"default_layout","colormag_page_sidebar_layout":"default_layout","footnotes":""},"class_list":["post-154","page","type-page","status-publish","has-post-thumbnail","hentry"],"yoast_head":"<!-- This site is optimized with the Yoast SEO plugin v27.4 - https:\/\/yoast.com\/product\/yoast-seo-wordpress\/ -->\n<title>Colegios y Campamentos de Verano - Viveti\u00e9tar<\/title>\n<meta name=\"robots\" content=\"index, follow, max-snippet:-1, max-image-preview:large, max-video-preview:-1\" \/>\n<link rel=\"canonical\" href=\"https:\/\/vivetietar.com\/?page_id=154\" \/>\n<meta property=\"og:locale\" content=\"es_ES\" \/>\n<meta property=\"og:type\" content=\"article\" \/>\n<meta property=\"og:title\" content=\"Colegios y Campamentos de Verano - Viveti\u00e9tar\" \/>\n<meta property=\"og:description\" content=\"Traves\u00eda \/ Ruta Esta actividad est\u00e1 orientada a combinar el juego con la ense\u00f1anza de las t\u00e9cnicas necesarias para el\" \/>\n<meta property=\"og:url\" content=\"https:\/\/vivetietar.com\/?page_id=154\" \/>\n<meta property=\"og:site_name\" content=\"Viveti\u00e9tar\" \/>\n<meta property=\"article:publisher\" content=\"https:\/\/www.facebook.com\/orlando.vivetietar\/about\" \/>\n<meta property=\"article:modified_time\" content=\"2022-03-05T19:47:52+00:00\" \/>\n<meta property=\"og:image\" content=\"https:\/\/vivetietar.com\/wp-content\/uploads\/2022\/03\/vivetietar_campamentos_05.jpg\" \/>\n\t<meta property=\"og:image:width\" content=\"1600\" \/>\n\t<meta property=\"og:image:height\" content=\"900\" \/>\n\t<meta property=\"og:image:type\" content=\"image\/jpeg\" \/>\n<meta name=\"twitter:card\" content=\"summary_large_image\" \/>\n<meta name=\"twitter:label1\" content=\"Tiempo de lectura\" \/>\n\t<meta name=\"twitter:data1\" content=\"1 minuto\" \/>\n<script type=\"application\/ld+json\" class=\"yoast-schema-graph\">{\"@context\":\"https:\\\/\\\/schema.org\",\"@graph\":[{\"@type\":\"WebPage\",\"@id\":\"https:\\\/\\\/vivetietar.com\\\/?page_id=154\",\"url\":\"https:\\\/\\\/vivetietar.com\\\/?page_id=154\",\"name\":\"Colegios y Campamentos de Verano - Viveti\u00e9tar\",\"isPartOf\":{\"@id\":\"https:\\\/\\\/vivetietar.com\\\/#website\"},\"primaryImageOfPage\":{\"@id\":\"https:\\\/\\\/vivetietar.com\\\/?page_id=154#primaryimage\"},\"image\":{\"@id\":\"https:\\\/\\\/vivetietar.com\\\/?page_id=154#primaryimage\"},\"thumbnailUrl\":\"https:\\\/\\\/vivetietar.com\\\/wp-content\\\/uploads\\\/2022\\\/03\\\/vivetietar_campamentos_05.jpg\",\"datePublished\":\"2022-02-26T00:53:44+00:00\",\"dateModified\":\"2022-03-05T19:47:52+00:00\",\"breadcrumb\":{\"@id\":\"https:\\\/\\\/vivetietar.com\\\/?page_id=154#breadcrumb\"},\"inLanguage\":\"es\",\"potentialAction\":[{\"@type\":\"ReadAction\",\"target\":[\"https:\\\/\\\/vivetietar.com\\\/?page_id=154\"]}]},{\"@type\":\"ImageObject\",\"inLanguage\":\"es\",\"@id\":\"https:\\\/\\\/vivetietar.com\\\/?page_id=154#primaryimage\",\"url\":\"https:\\\/\\\/vivetietar.com\\\/wp-content\\\/uploads\\\/2022\\\/03\\\/vivetietar_campamentos_05.jpg\",\"contentUrl\":\"https:\\\/\\\/vivetietar.com\\\/wp-content\\\/uploads\\\/2022\\\/03\\\/vivetietar_campamentos_05.jpg\",\"width\":1600,\"height\":900},{\"@type\":\"BreadcrumbList\",\"@id\":\"https:\\\/\\\/vivetietar.com\\\/?page_id=154#breadcrumb\",\"itemListElement\":[{\"@type\":\"ListItem\",\"position\":1,\"name\":\"Portada\",\"item\":\"https:\\\/\\\/vivetietar.com\\\/\"},{\"@type\":\"ListItem\",\"position\":2,\"name\":\"Colegios y Campamentos de Verano\"}]},{\"@type\":\"WebSite\",\"@id\":\"https:\\\/\\\/vivetietar.com\\\/#website\",\"url\":\"https:\\\/\\\/vivetietar.com\\\/\",\"name\":\"Viveti\u00e9tar\",\"description\":\"Rutas y traves\u00edas en canoa y piragua; por el r\u00edo Ti\u00e9tar y el pantano de Rosarito generalmente\",\"publisher\":{\"@id\":\"https:\\\/\\\/vivetietar.com\\\/#\\\/schema\\\/person\\\/2cd054c532b9b4488b211bbccb6c0446\"},\"potentialAction\":[{\"@type\":\"SearchAction\",\"target\":{\"@type\":\"EntryPoint\",\"urlTemplate\":\"https:\\\/\\\/vivetietar.com\\\/?s={search_term_string}\"},\"query-input\":{\"@type\":\"PropertyValueSpecification\",\"valueRequired\":true,\"valueName\":\"search_term_string\"}}],\"inLanguage\":\"es\"},{\"@type\":[\"Person\",\"Organization\"],\"@id\":\"https:\\\/\\\/vivetietar.com\\\/#\\\/schema\\\/person\\\/2cd054c532b9b4488b211bbccb6c0446\",\"name\":\"vivetietar\",\"image\":{\"@type\":\"ImageObject\",\"inLanguage\":\"es\",\"@id\":\"https:\\\/\\\/vivetietar.com\\\/wp-content\\\/uploads\\\/2022\\\/02\\\/logo_vivetietar.png\",\"url\":\"https:\\\/\\\/vivetietar.com\\\/wp-content\\\/uploads\\\/2022\\\/02\\\/logo_vivetietar.png\",\"contentUrl\":\"https:\\\/\\\/vivetietar.com\\\/wp-content\\\/uploads\\\/2022\\\/02\\\/logo_vivetietar.png\",\"width\":707,\"height\":465,\"caption\":\"vivetietar\"},\"logo\":{\"@id\":\"https:\\\/\\\/vivetietar.com\\\/wp-content\\\/uploads\\\/2022\\\/02\\\/logo_vivetietar.png\"},\"sameAs\":[\"https:\\\/\\\/vivetietar.com\",\"https:\\\/\\\/www.facebook.com\\\/orlando.vivetietar\\\/about\",\"https:\\\/\\\/www.youtube.com\\\/user\\\/vivetietar\"]}]}<\/script>\n<!-- \/ Yoast SEO plugin. -->","yoast_head_json":{"title":"Colegios y Campamentos de Verano - Viveti\u00e9tar","robots":{"index":"index","follow":"follow","max-snippet":"max-snippet:-1","max-image-preview":"max-image-preview:large","max-video-preview":"max-video-preview:-1"},"canonical":"https:\/\/vivetietar.com\/?page_id=154","og_locale":"es_ES","og_type":"article","og_title":"Colegios y Campamentos de Verano - Viveti\u00e9tar","og_description":"Traves\u00eda \/ Ruta Esta actividad est\u00e1 orientada a combinar el juego con la ense\u00f1anza de las t\u00e9cnicas necesarias para el","og_url":"https:\/\/vivetietar.com\/?page_id=154","og_site_name":"Viveti\u00e9tar","article_publisher":"https:\/\/www.facebook.com\/orlando.vivetietar\/about","article_modified_time":"2022-03-05T19:47:52+00:00","og_image":[{"width":1600,"height":900,"url":"https:\/\/vivetietar.com\/wp-content\/uploads\/2022\/03\/vivetietar_campamentos_05.jpg","type":"image\/jpeg"}],"twitter_card":"summary_large_image","twitter_misc":{"Tiempo de lectura":"1 minuto"},"schema":{"@context":"https:\/\/schema.org","@graph":[{"@type":"WebPage","@id":"https:\/\/vivetietar.com\/?page_id=154","url":"https:\/\/vivetietar.com\/?page_id=154","name":"Colegios y Campamentos de Verano - Viveti\u00e9tar","isPartOf":{"@id":"https:\/\/vivetietar.com\/#website"},"primaryImageOfPage":{"@id":"https:\/\/vivetietar.com\/?page_id=154#primaryimage"},"image":{"@id":"https:\/\/vivetietar.com\/?page_id=154#primaryimage"},"thumbnailUrl":"https:\/\/vivetietar.com\/wp-content\/uploads\/2022\/03\/vivetietar_campamentos_05.jpg","datePublished":"2022-02-26T00:53:44+00:00","dateModified":"2022-03-05T19:47:52+00:00","breadcrumb":{"@id":"https:\/\/vivetietar.com\/?page_id=154#breadcrumb"},"inLanguage":"es","potentialAction":[{"@type":"ReadAction","target":["https:\/\/vivetietar.com\/?page_id=154"]}]},{"@type":"ImageObject","inLanguage":"es","@id":"https:\/\/vivetietar.com\/?page_id=154#primaryimage","url":"https:\/\/vivetietar.com\/wp-content\/uploads\/2022\/03\/vivetietar_campamentos_05.jpg","contentUrl":"https:\/\/vivetietar.com\/wp-content\/uploads\/2022\/03\/vivetietar_campamentos_05.jpg","width":1600,"height":900},{"@type":"BreadcrumbList","@id":"https:\/\/vivetietar.com\/?page_id=154#breadcrumb","itemListElement":[{"@type":"ListItem","position":1,"name":"Portada","item":"https:\/\/vivetietar.com\/"},{"@type":"ListItem","position":2,"name":"Colegios y Campamentos de Verano"}]},{"@type":"WebSite","@id":"https:\/\/vivetietar.com\/#website","url":"https:\/\/vivetietar.com\/","name":"Viveti\u00e9tar","description":"Rutas y traves\u00edas en canoa y piragua; por el r\u00edo Ti\u00e9tar y el pantano de Rosarito generalmente","publisher":{"@id":"https:\/\/vivetietar.com\/#\/schema\/person\/2cd054c532b9b4488b211bbccb6c0446"},"potentialAction":[{"@type":"SearchAction","target":{"@type":"EntryPoint","urlTemplate":"https:\/\/vivetietar.com\/?s={search_term_string}"},"query-input":{"@type":"PropertyValueSpecification","valueRequired":true,"valueName":"search_term_string"}}],"inLanguage":"es"},{"@type":["Person","Organization"],"@id":"https:\/\/vivetietar.com\/#\/schema\/person\/2cd054c532b9b4488b211bbccb6c0446","name":"vivetietar","image":{"@type":"ImageObject","inLanguage":"es","@id":"https:\/\/vivetietar.com\/wp-content\/uploads\/2022\/02\/logo_vivetietar.png","url":"https:\/\/vivetietar.com\/wp-content\/uploads\/2022\/02\/logo_vivetietar.png","contentUrl":"https:\/\/vivetietar.com\/wp-content\/uploads\/2022\/02\/logo_vivetietar.png","width":707,"height":465,"caption":"vivetietar"},"logo":{"@id":"https:\/\/vivetietar.com\/wp-content\/uploads\/2022\/02\/logo_vivetietar.png"},"sameAs":["https:\/\/vivetietar.com","https:\/\/www.facebook.com\/orlando.vivetietar\/about","https:\/\/www.youtube.com\/user\/vivetietar"]}]}},"_links":{"self":[{"href":"https:\/\/vivetietar.com\/index.php?rest_route=\/wp\/v2\/pages\/154","targetHints":{"allow":["GET"]}}],"collection":[{"href":"https:\/\/vivetietar.com\/index.php?rest_route=\/wp\/v2\/pages"}],"about":[{"href":"https:\/\/vivetietar.com\/index.php?rest_route=\/wp\/v2\/types\/page"}],"author":[{"embeddable":true,"href":"https:\/\/vivetietar.com\/index.php?rest_route=\/wp\/v2\/users\/2"}],"replies":[{"embeddable":true,"href":"https:\/\/vivetietar.com\/index.php?rest_route=%2Fwp%2Fv2%2Fcomments&post=154"}],"version-history":[{"count":5,"href":"https:\/\/vivetietar.com\/index.php?rest_route=\/wp\/v2\/pages\/154\/revisions"}],"predecessor-version":[{"id":244,"href":"https:\/\/vivetietar.com\/index.php?rest_route=\/wp\/v2\/pages\/154\/revisions\/244"}],"wp:featuredmedia":[{"embeddable":true,"href":"https:\/\/vivetietar.com\/index.php?rest_route=\/wp\/v2\/media\/232"}],"wp:attachment":[{"href":"https:\/\/vivetietar.com\/index.php?rest_route=%2Fwp%2Fv2%2Fmedia&parent=154"}],"curies":[{"name":"wp","href":"https:\/\/api.w.org\/{rel}","templated":true}]}}