{"id":195,"date":"2022-02-27T10:50:56","date_gmt":"2022-02-27T10:50:56","guid":{"rendered":"https:\/\/vivetietar.com\/?page_id=195"},"modified":"2023-06-24T00:49:38","modified_gmt":"2023-06-24T00:49:38","slug":"descenso-por-el-rio-tietar","status":"publish","type":"page","link":"https:\/\/vivetietar.com\/?page_id=195","title":{"rendered":"Descenso por el r\u00edo Ti\u00e9tar"},"content":{"rendered":"\n<h5 class=\"wp-block-heading\">Traves\u00eda \/ Ruta <\/h5>\n\n\n\n<p>Por el <strong>r\u00edo Ti\u00e9tar<\/strong> desde <strong>Navalc\u00e1n<\/strong> Toledo) hasta la cola del <strong>pantano de Rosarito<\/strong>.<\/p>\n\n\n\n<p>Una incre\u00edble experiencia para todos los p\u00fablicos, ideal para iniciarse en el pirag\u00fcismo de descenso de r\u00edo alternando tranquilos remansos con pasos r\u00e1pidos y trenes de olas.<\/p>\n\n\n\n<p>Ven con tu familia, tu pareja o tus amigos a disfrutar de un recorrido de 8,5 km con una impresionante riqueza de flora y fauna dentro de un paisaje inigualable.<\/p>\n\n\n\n<figure class=\"wp-block-gallery has-nested-images columns-3 is-cropped wp-block-gallery-1 is-layout-flex wp-block-gallery-is-layout-flex\">\n<figure class=\"wp-block-image size-large\"><a href=\"https:\/\/vivetietar.com\/wp-content\/uploads\/2022\/02\/vivetietar_tietar_01.jpg\" target=\"_blank\" rel=\"noopener\"><img loading=\"lazy\" decoding=\"async\" width=\"1024\" height=\"768\" data-id=\"202\" src=\"https:\/\/vivetietar.com\/wp-content\/uploads\/2022\/02\/vivetietar_tietar_01-1024x768.jpg\" alt=\"\" class=\"wp-image-202\" srcset=\"https:\/\/vivetietar.com\/wp-content\/uploads\/2022\/02\/vivetietar_tietar_01-1024x768.jpg 1024w, https:\/\/vivetietar.com\/wp-content\/uploads\/2022\/02\/vivetietar_tietar_01-300x225.jpg 300w, https:\/\/vivetietar.com\/wp-content\/uploads\/2022\/02\/vivetietar_tietar_01-768x576.jpg 768w, https:\/\/vivetietar.com\/wp-content\/uploads\/2022\/02\/vivetietar_tietar_01-1536x1152.jpg 1536w, https:\/\/vivetietar.com\/wp-content\/uploads\/2022\/02\/vivetietar_tietar_01.jpg 1600w\" sizes=\"auto, (max-width: 1024px) 100vw, 1024px\" \/><\/a><\/figure>\n\n\n\n<figure class=\"wp-block-image size-large\"><a href=\"https:\/\/vivetietar.com\/wp-content\/uploads\/2022\/02\/vivetietar_tietar_02.jpg\" target=\"_blank\" rel=\"noopener\"><img loading=\"lazy\" decoding=\"async\" width=\"1024\" height=\"768\" data-id=\"203\" src=\"https:\/\/vivetietar.com\/wp-content\/uploads\/2022\/02\/vivetietar_tietar_02-1024x768.jpg\" alt=\"\" class=\"wp-image-203\" srcset=\"https:\/\/vivetietar.com\/wp-content\/uploads\/2022\/02\/vivetietar_tietar_02-1024x768.jpg 1024w, https:\/\/vivetietar.com\/wp-content\/uploads\/2022\/02\/vivetietar_tietar_02-300x225.jpg 300w, https:\/\/vivetietar.com\/wp-content\/uploads\/2022\/02\/vivetietar_tietar_02-768x576.jpg 768w, https:\/\/vivetietar.com\/wp-content\/uploads\/2022\/02\/vivetietar_tietar_02-1536x1152.jpg 1536w, https:\/\/vivetietar.com\/wp-content\/uploads\/2022\/02\/vivetietar_tietar_02.jpg 1600w\" sizes=\"auto, (max-width: 1024px) 100vw, 1024px\" \/><\/a><\/figure>\n\n\n\n<figure class=\"wp-block-image size-large\"><a href=\"https:\/\/vivetietar.com\/wp-content\/uploads\/2022\/02\/vivetietar_tietar_04.jpg\" target=\"_blank\" rel=\"noopener\"><img loading=\"lazy\" decoding=\"async\" width=\"1024\" height=\"768\" data-id=\"205\" src=\"https:\/\/vivetietar.com\/wp-content\/uploads\/2022\/02\/vivetietar_tietar_04-1024x768.jpg\" alt=\"\" class=\"wp-image-205\" srcset=\"https:\/\/vivetietar.com\/wp-content\/uploads\/2022\/02\/vivetietar_tietar_04-1024x768.jpg 1024w, https:\/\/vivetietar.com\/wp-content\/uploads\/2022\/02\/vivetietar_tietar_04-300x225.jpg 300w, https:\/\/vivetietar.com\/wp-content\/uploads\/2022\/02\/vivetietar_tietar_04-768x576.jpg 768w, https:\/\/vivetietar.com\/wp-content\/uploads\/2022\/02\/vivetietar_tietar_04-1536x1152.jpg 1536w, https:\/\/vivetietar.com\/wp-content\/uploads\/2022\/02\/vivetietar_tietar_04.jpg 1600w\" sizes=\"auto, (max-width: 1024px) 100vw, 1024px\" \/><\/a><\/figure>\n\n\n\n<figure class=\"wp-block-image size-large is-style-rounded\"><a href=\"https:\/\/vivetietar.com\/wp-content\/uploads\/2022\/02\/vivetietar_tietar_03.jpg\" target=\"_blank\" rel=\"noopener\"><img loading=\"lazy\" decoding=\"async\" width=\"1024\" height=\"768\" data-id=\"204\" src=\"https:\/\/vivetietar.com\/wp-content\/uploads\/2022\/02\/vivetietar_tietar_03-1024x768.jpg\" alt=\"\" class=\"wp-image-204\" srcset=\"https:\/\/vivetietar.com\/wp-content\/uploads\/2022\/02\/vivetietar_tietar_03-1024x768.jpg 1024w, https:\/\/vivetietar.com\/wp-content\/uploads\/2022\/02\/vivetietar_tietar_03-300x225.jpg 300w, https:\/\/vivetietar.com\/wp-content\/uploads\/2022\/02\/vivetietar_tietar_03-768x576.jpg 768w, https:\/\/vivetietar.com\/wp-content\/uploads\/2022\/02\/vivetietar_tietar_03-1536x1152.jpg 1536w, https:\/\/vivetietar.com\/wp-content\/uploads\/2022\/02\/vivetietar_tietar_03.jpg 1600w\" sizes=\"auto, (max-width: 1024px) 100vw, 1024px\" \/><\/a><\/figure>\n<\/figure>\n\n\n\n<figure class=\"wp-block-table is-style-regular\"><table class=\"has-white-color has-vivid-cyan-blue-background-color has-text-color has-background\"><tbody><tr><td><strong>DESCENSO DEL RIO TIETAR<\/strong><\/td><td><\/td><\/tr><tr><td>Dificultad<\/td><td>F\u00e1cil<\/td><\/tr><tr><td>Edad<\/td><td>Mayor de 8 a\u00f1os<\/td><\/tr><tr><td>Imprescindible<\/td><td>Saber nadar<\/td><\/tr><tr><td>Grupos m\u00e1ximo<\/td><td>50 personas<\/td><\/tr><tr><td>Duraci\u00f3n<\/td><td>3\/4 horas<\/td><\/tr><tr><td>Precio<\/td><td>35\u20ac \/per.<\/td><\/tr><\/tbody><\/table><\/figure>\n\n\n\n<h5 class=\"wp-block-heading\">Viveti\u00e9tar aporta:<\/h5>\n\n\n\n<ul class=\"wp-block-list\">\n<li>Gu\u00eda experto en remo<\/li>\n\n\n\n<li>Embarcaci\u00f3n antivuelco.<\/li>\n\n\n\n<li>Chaleco salvavidas.<\/li>\n\n\n\n<li>Palas de remo<\/li>\n\n\n\n<li>Bid\u00f3n estanco para enseres personales<\/li>\n\n\n\n<li>Bebidas.<\/li>\n\n\n\n<li>Traje y botas de neopreno (seg\u00fan \u00e9poca del a\u00f1o).<\/li>\n\n\n\n<li>Seguro RC<\/li>\n\n\n\n<li>Seguro accidentes y botiqu\u00edn<\/li>\n<\/ul>\n","protected":false},"excerpt":{"rendered":"<p>Traves\u00eda \/ Ruta Por el r\u00edo Ti\u00e9tar desde Navalc\u00e1n Toledo) hasta la cola del pantano de Rosarito. Una incre\u00edble experiencia<\/p>\n","protected":false},"author":2,"featured_media":206,"parent":0,"menu_order":0,"comment_status":"closed","ping_status":"closed","template":"","meta":{"colormag_page_container_layout":"default_layout","colormag_page_sidebar_layout":"default_layout","footnotes":""},"class_list":["post-195","page","type-page","status-publish","has-post-thumbnail","hentry"],"yoast_head":"<!-- This site is optimized with the Yoast SEO plugin v27.4 - https:\/\/yoast.com\/product\/yoast-seo-wordpress\/ -->\n<title>Descenso por el r\u00edo Ti\u00e9tar - Viveti\u00e9tar<\/title>\n<meta name=\"robots\" content=\"index, follow, max-snippet:-1, max-image-preview:large, max-video-preview:-1\" \/>\n<link rel=\"canonical\" href=\"https:\/\/vivetietar.com\/?page_id=195\" \/>\n<meta property=\"og:locale\" content=\"es_ES\" \/>\n<meta property=\"og:type\" content=\"article\" \/>\n<meta property=\"og:title\" content=\"Descenso por el r\u00edo Ti\u00e9tar - Viveti\u00e9tar\" \/>\n<meta property=\"og:description\" content=\"Traves\u00eda \/ Ruta Por el r\u00edo Ti\u00e9tar desde Navalc\u00e1n Toledo) hasta la cola del pantano de Rosarito. Una incre\u00edble experiencia\" \/>\n<meta property=\"og:url\" content=\"https:\/\/vivetietar.com\/?page_id=195\" \/>\n<meta property=\"og:site_name\" content=\"Viveti\u00e9tar\" \/>\n<meta property=\"article:publisher\" content=\"https:\/\/www.facebook.com\/orlando.vivetietar\/about\" \/>\n<meta property=\"article:modified_time\" content=\"2023-06-24T00:49:38+00:00\" \/>\n<meta property=\"og:image\" content=\"https:\/\/vivetietar.com\/wp-content\/uploads\/2022\/02\/vivetietar_tietar_05.jpg\" \/>\n\t<meta property=\"og:image:width\" content=\"1600\" \/>\n\t<meta property=\"og:image:height\" content=\"1200\" \/>\n\t<meta property=\"og:image:type\" content=\"image\/jpeg\" \/>\n<meta name=\"twitter:card\" content=\"summary_large_image\" \/>\n<meta name=\"twitter:label1\" content=\"Tiempo de lectura\" \/>\n\t<meta name=\"twitter:data1\" content=\"1 minuto\" \/>\n<script type=\"application\/ld+json\" class=\"yoast-schema-graph\">{\"@context\":\"https:\\\/\\\/schema.org\",\"@graph\":[{\"@type\":\"WebPage\",\"@id\":\"https:\\\/\\\/vivetietar.com\\\/?page_id=195\",\"url\":\"https:\\\/\\\/vivetietar.com\\\/?page_id=195\",\"name\":\"Descenso por el r\u00edo Ti\u00e9tar - Viveti\u00e9tar\",\"isPartOf\":{\"@id\":\"https:\\\/\\\/vivetietar.com\\\/#website\"},\"primaryImageOfPage\":{\"@id\":\"https:\\\/\\\/vivetietar.com\\\/?page_id=195#primaryimage\"},\"image\":{\"@id\":\"https:\\\/\\\/vivetietar.com\\\/?page_id=195#primaryimage\"},\"thumbnailUrl\":\"https:\\\/\\\/vivetietar.com\\\/wp-content\\\/uploads\\\/2022\\\/02\\\/vivetietar_tietar_05.jpg\",\"datePublished\":\"2022-02-27T10:50:56+00:00\",\"dateModified\":\"2023-06-24T00:49:38+00:00\",\"breadcrumb\":{\"@id\":\"https:\\\/\\\/vivetietar.com\\\/?page_id=195#breadcrumb\"},\"inLanguage\":\"es\",\"potentialAction\":[{\"@type\":\"ReadAction\",\"target\":[\"https:\\\/\\\/vivetietar.com\\\/?page_id=195\"]}]},{\"@type\":\"ImageObject\",\"inLanguage\":\"es\",\"@id\":\"https:\\\/\\\/vivetietar.com\\\/?page_id=195#primaryimage\",\"url\":\"https:\\\/\\\/vivetietar.com\\\/wp-content\\\/uploads\\\/2022\\\/02\\\/vivetietar_tietar_05.jpg\",\"contentUrl\":\"https:\\\/\\\/vivetietar.com\\\/wp-content\\\/uploads\\\/2022\\\/02\\\/vivetietar_tietar_05.jpg\",\"width\":1600,\"height\":1200},{\"@type\":\"BreadcrumbList\",\"@id\":\"https:\\\/\\\/vivetietar.com\\\/?page_id=195#breadcrumb\",\"itemListElement\":[{\"@type\":\"ListItem\",\"position\":1,\"name\":\"Portada\",\"item\":\"https:\\\/\\\/vivetietar.com\\\/\"},{\"@type\":\"ListItem\",\"position\":2,\"name\":\"Descenso por el r\u00edo Ti\u00e9tar\"}]},{\"@type\":\"WebSite\",\"@id\":\"https:\\\/\\\/vivetietar.com\\\/#website\",\"url\":\"https:\\\/\\\/vivetietar.com\\\/\",\"name\":\"Viveti\u00e9tar\",\"description\":\"Rutas y traves\u00edas en canoa y piragua; por el r\u00edo Ti\u00e9tar y el pantano de Rosarito generalmente\",\"publisher\":{\"@id\":\"https:\\\/\\\/vivetietar.com\\\/#\\\/schema\\\/person\\\/2cd054c532b9b4488b211bbccb6c0446\"},\"potentialAction\":[{\"@type\":\"SearchAction\",\"target\":{\"@type\":\"EntryPoint\",\"urlTemplate\":\"https:\\\/\\\/vivetietar.com\\\/?s={search_term_string}\"},\"query-input\":{\"@type\":\"PropertyValueSpecification\",\"valueRequired\":true,\"valueName\":\"search_term_string\"}}],\"inLanguage\":\"es\"},{\"@type\":[\"Person\",\"Organization\"],\"@id\":\"https:\\\/\\\/vivetietar.com\\\/#\\\/schema\\\/person\\\/2cd054c532b9b4488b211bbccb6c0446\",\"name\":\"vivetietar\",\"image\":{\"@type\":\"ImageObject\",\"inLanguage\":\"es\",\"@id\":\"https:\\\/\\\/vivetietar.com\\\/wp-content\\\/uploads\\\/2022\\\/02\\\/logo_vivetietar.png\",\"url\":\"https:\\\/\\\/vivetietar.com\\\/wp-content\\\/uploads\\\/2022\\\/02\\\/logo_vivetietar.png\",\"contentUrl\":\"https:\\\/\\\/vivetietar.com\\\/wp-content\\\/uploads\\\/2022\\\/02\\\/logo_vivetietar.png\",\"width\":707,\"height\":465,\"caption\":\"vivetietar\"},\"logo\":{\"@id\":\"https:\\\/\\\/vivetietar.com\\\/wp-content\\\/uploads\\\/2022\\\/02\\\/logo_vivetietar.png\"},\"sameAs\":[\"https:\\\/\\\/vivetietar.com\",\"https:\\\/\\\/www.facebook.com\\\/orlando.vivetietar\\\/about\",\"https:\\\/\\\/www.youtube.com\\\/user\\\/vivetietar\"]}]}<\/script>\n<!-- \/ Yoast SEO plugin. -->","yoast_head_json":{"title":"Descenso por el r\u00edo Ti\u00e9tar - Viveti\u00e9tar","robots":{"index":"index","follow":"follow","max-snippet":"max-snippet:-1","max-image-preview":"max-image-preview:large","max-video-preview":"max-video-preview:-1"},"canonical":"https:\/\/vivetietar.com\/?page_id=195","og_locale":"es_ES","og_type":"article","og_title":"Descenso por el r\u00edo Ti\u00e9tar - Viveti\u00e9tar","og_description":"Traves\u00eda \/ Ruta Por el r\u00edo Ti\u00e9tar desde Navalc\u00e1n Toledo) hasta la cola del pantano de Rosarito. Una incre\u00edble experiencia","og_url":"https:\/\/vivetietar.com\/?page_id=195","og_site_name":"Viveti\u00e9tar","article_publisher":"https:\/\/www.facebook.com\/orlando.vivetietar\/about","article_modified_time":"2023-06-24T00:49:38+00:00","og_image":[{"width":1600,"height":1200,"url":"https:\/\/vivetietar.com\/wp-content\/uploads\/2022\/02\/vivetietar_tietar_05.jpg","type":"image\/jpeg"}],"twitter_card":"summary_large_image","twitter_misc":{"Tiempo de lectura":"1 minuto"},"schema":{"@context":"https:\/\/schema.org","@graph":[{"@type":"WebPage","@id":"https:\/\/vivetietar.com\/?page_id=195","url":"https:\/\/vivetietar.com\/?page_id=195","name":"Descenso por el r\u00edo Ti\u00e9tar - Viveti\u00e9tar","isPartOf":{"@id":"https:\/\/vivetietar.com\/#website"},"primaryImageOfPage":{"@id":"https:\/\/vivetietar.com\/?page_id=195#primaryimage"},"image":{"@id":"https:\/\/vivetietar.com\/?page_id=195#primaryimage"},"thumbnailUrl":"https:\/\/vivetietar.com\/wp-content\/uploads\/2022\/02\/vivetietar_tietar_05.jpg","datePublished":"2022-02-27T10:50:56+00:00","dateModified":"2023-06-24T00:49:38+00:00","breadcrumb":{"@id":"https:\/\/vivetietar.com\/?page_id=195#breadcrumb"},"inLanguage":"es","potentialAction":[{"@type":"ReadAction","target":["https:\/\/vivetietar.com\/?page_id=195"]}]},{"@type":"ImageObject","inLanguage":"es","@id":"https:\/\/vivetietar.com\/?page_id=195#primaryimage","url":"https:\/\/vivetietar.com\/wp-content\/uploads\/2022\/02\/vivetietar_tietar_05.jpg","contentUrl":"https:\/\/vivetietar.com\/wp-content\/uploads\/2022\/02\/vivetietar_tietar_05.jpg","width":1600,"height":1200},{"@type":"BreadcrumbList","@id":"https:\/\/vivetietar.com\/?page_id=195#breadcrumb","itemListElement":[{"@type":"ListItem","position":1,"name":"Portada","item":"https:\/\/vivetietar.com\/"},{"@type":"ListItem","position":2,"name":"Descenso por el r\u00edo Ti\u00e9tar"}]},{"@type":"WebSite","@id":"https:\/\/vivetietar.com\/#website","url":"https:\/\/vivetietar.com\/","name":"Viveti\u00e9tar","description":"Rutas y traves\u00edas en canoa y piragua; por el r\u00edo Ti\u00e9tar y el pantano de Rosarito generalmente","publisher":{"@id":"https:\/\/vivetietar.com\/#\/schema\/person\/2cd054c532b9b4488b211bbccb6c0446"},"potentialAction":[{"@type":"SearchAction","target":{"@type":"EntryPoint","urlTemplate":"https:\/\/vivetietar.com\/?s={search_term_string}"},"query-input":{"@type":"PropertyValueSpecification","valueRequired":true,"valueName":"search_term_string"}}],"inLanguage":"es"},{"@type":["Person","Organization"],"@id":"https:\/\/vivetietar.com\/#\/schema\/person\/2cd054c532b9b4488b211bbccb6c0446","name":"vivetietar","image":{"@type":"ImageObject","inLanguage":"es","@id":"https:\/\/vivetietar.com\/wp-content\/uploads\/2022\/02\/logo_vivetietar.png","url":"https:\/\/vivetietar.com\/wp-content\/uploads\/2022\/02\/logo_vivetietar.png","contentUrl":"https:\/\/vivetietar.com\/wp-content\/uploads\/2022\/02\/logo_vivetietar.png","width":707,"height":465,"caption":"vivetietar"},"logo":{"@id":"https:\/\/vivetietar.com\/wp-content\/uploads\/2022\/02\/logo_vivetietar.png"},"sameAs":["https:\/\/vivetietar.com","https:\/\/www.facebook.com\/orlando.vivetietar\/about","https:\/\/www.youtube.com\/user\/vivetietar"]}]}},"_links":{"self":[{"href":"https:\/\/vivetietar.com\/index.php?rest_route=\/wp\/v2\/pages\/195","targetHints":{"allow":["GET"]}}],"collection":[{"href":"https:\/\/vivetietar.com\/index.php?rest_route=\/wp\/v2\/pages"}],"about":[{"href":"https:\/\/vivetietar.com\/index.php?rest_route=\/wp\/v2\/types\/page"}],"author":[{"embeddable":true,"href":"https:\/\/vivetietar.com\/index.php?rest_route=\/wp\/v2\/users\/2"}],"replies":[{"embeddable":true,"href":"https:\/\/vivetietar.com\/index.php?rest_route=%2Fwp%2Fv2%2Fcomments&post=195"}],"version-history":[{"count":9,"href":"https:\/\/vivetietar.com\/index.php?rest_route=\/wp\/v2\/pages\/195\/revisions"}],"predecessor-version":[{"id":595,"href":"https:\/\/vivetietar.com\/index.php?rest_route=\/wp\/v2\/pages\/195\/revisions\/595"}],"wp:featuredmedia":[{"embeddable":true,"href":"https:\/\/vivetietar.com\/index.php?rest_route=\/wp\/v2\/media\/206"}],"wp:attachment":[{"href":"https:\/\/vivetietar.com\/index.php?rest_route=%2Fwp%2Fv2%2Fmedia&parent=195"}],"curies":[{"name":"wp","href":"https:\/\/api.w.org\/{rel}","templated":true}]}}