{"id":373,"date":"2023-07-16T00:01:00","date_gmt":"2023-07-16T00:01:00","guid":{"rendered":"https:\/\/vivetietar.com\/?page_id=373"},"modified":"2023-07-16T09:08:35","modified_gmt":"2023-07-16T09:08:35","slug":"multimedia","status":"publish","type":"page","link":"https:\/\/vivetietar.com\/?page_id=373","title":{"rendered":"Multimedia"},"content":{"rendered":"\n<p class=\"has-medium-font-size\"><mark style=\"background-color:#0693e3\" class=\"has-inline-color has-white-color\"><strong>FOTOS<\/strong><\/mark><\/p>\n\n\n\n<div class=\"wp-block-columns is-layout-flex wp-container-core-columns-is-layout-28f84493 wp-block-columns-is-layout-flex\">\n<div class=\"wp-block-column is-layout-flow wp-block-column-is-layout-flow\">\n<figure class=\"wp-block-image size-full\"><a href=\"https:\/\/photos.app.goo.gl\/jp4213ATnGULZFEN7\" target=\"_blank\" rel=\"noopener\"><img loading=\"lazy\" decoding=\"async\" width=\"800\" height=\"600\" src=\"https:\/\/vivetietar.com\/wp-content\/uploads\/2022\/02\/vivetietar_embalse_rosarito_05.jpg\" alt=\"\" class=\"wp-image-192\" srcset=\"https:\/\/vivetietar.com\/wp-content\/uploads\/2022\/02\/vivetietar_embalse_rosarito_05.jpg 800w, https:\/\/vivetietar.com\/wp-content\/uploads\/2022\/02\/vivetietar_embalse_rosarito_05-300x225.jpg 300w, https:\/\/vivetietar.com\/wp-content\/uploads\/2022\/02\/vivetietar_embalse_rosarito_05-768x576.jpg 768w\" sizes=\"auto, (max-width: 800px) 100vw, 800px\" \/><\/a><figcaption class=\"wp-element-caption\"><a href=\"https:\/\/photos.app.goo.gl\/jp4213ATnGULZFEN7\" target=\"_blank\" rel=\"noreferrer noopener\"><mark style=\"background-color:rgba(0, 0, 0, 0)\" class=\"has-inline-color has-luminous-vivid-amber-color\">AGUAS TRANQUILAS<\/mark><\/a><\/figcaption><\/figure>\n<\/div>\n\n\n\n<div class=\"wp-block-column is-layout-flow wp-block-column-is-layout-flow\">\n<figure class=\"wp-block-image size-large\"><a href=\"https:\/\/photos.app.goo.gl\/9Hq69316b19JwTDa9\" target=\"_blank\" rel=\"noopener\"><img loading=\"lazy\" decoding=\"async\" width=\"1024\" height=\"768\" src=\"https:\/\/vivetietar.com\/wp-content\/uploads\/2022\/03\/vivetietar_luna_llena_02-1024x768.jpg\" alt=\"\" class=\"wp-image-270\" srcset=\"https:\/\/vivetietar.com\/wp-content\/uploads\/2022\/03\/vivetietar_luna_llena_02-1024x768.jpg 1024w, https:\/\/vivetietar.com\/wp-content\/uploads\/2022\/03\/vivetietar_luna_llena_02-300x225.jpg 300w, https:\/\/vivetietar.com\/wp-content\/uploads\/2022\/03\/vivetietar_luna_llena_02-768x576.jpg 768w, https:\/\/vivetietar.com\/wp-content\/uploads\/2022\/03\/vivetietar_luna_llena_02-1536x1152.jpg 1536w, https:\/\/vivetietar.com\/wp-content\/uploads\/2022\/03\/vivetietar_luna_llena_02.jpg 1600w\" sizes=\"auto, (max-width: 1024px) 100vw, 1024px\" \/><\/a><figcaption class=\"wp-element-caption\"><a href=\"https:\/\/photos.app.goo.gl\/9Hq69316b19JwTDa9\" target=\"_blank\" rel=\"noreferrer noopener\"><mark style=\"background-color:rgba(0, 0, 0, 0)\" class=\"has-inline-color has-luminous-vivid-amber-color\">RUTAS LUNA LLENA<\/mark><\/a><\/figcaption><\/figure>\n<\/div>\n\n\n\n<div class=\"wp-block-column is-layout-flow wp-block-column-is-layout-flow\">\n<figure class=\"wp-block-image size-large\"><a href=\"https:\/\/photos.app.goo.gl\/foxxjxtwN277KVCaA\" target=\"_blank\" rel=\"noopener\"><img loading=\"lazy\" decoding=\"async\" width=\"1024\" height=\"768\" src=\"https:\/\/vivetietar.com\/wp-content\/uploads\/2022\/02\/vivetietar_tietar_05-1024x768.jpg\" alt=\"\" class=\"wp-image-206\" srcset=\"https:\/\/vivetietar.com\/wp-content\/uploads\/2022\/02\/vivetietar_tietar_05-1024x768.jpg 1024w, https:\/\/vivetietar.com\/wp-content\/uploads\/2022\/02\/vivetietar_tietar_05-300x225.jpg 300w, https:\/\/vivetietar.com\/wp-content\/uploads\/2022\/02\/vivetietar_tietar_05-768x576.jpg 768w, https:\/\/vivetietar.com\/wp-content\/uploads\/2022\/02\/vivetietar_tietar_05-1536x1152.jpg 1536w, https:\/\/vivetietar.com\/wp-content\/uploads\/2022\/02\/vivetietar_tietar_05.jpg 1600w\" sizes=\"auto, (max-width: 1024px) 100vw, 1024px\" \/><\/a><figcaption class=\"wp-element-caption\"><a href=\"https:\/\/photos.app.goo.gl\/foxxjxtwN277KVCaA\" target=\"_blank\" rel=\"noreferrer noopener\"><mark style=\"background-color:rgba(0, 0, 0, 0)\" class=\"has-inline-color has-luminous-vivid-amber-color\">DESCENSOS<\/mark><\/a><\/figcaption><\/figure>\n<\/div>\n<\/div>\n\n\n\n<div class=\"wp-block-columns is-layout-flex wp-container-core-columns-is-layout-28f84493 wp-block-columns-is-layout-flex\">\n<div class=\"wp-block-column is-layout-flow wp-block-column-is-layout-flow\">\n<figure class=\"wp-block-image size-large is-resized\"><a href=\"https:\/\/photos.app.goo.gl\/CfZH9Uor2fCqSTwt5\" target=\"_blank\" rel=\"noopener\"><img loading=\"lazy\" decoding=\"async\" src=\"https:\/\/vivetietar.com\/wp-content\/uploads\/2022\/03\/vivetietar_campamentos_05-1200x900-1-1024x768.jpg\" alt=\"\" class=\"wp-image-377\" width=\"552\" height=\"414\" srcset=\"https:\/\/vivetietar.com\/wp-content\/uploads\/2022\/03\/vivetietar_campamentos_05-1200x900-1-1024x768.jpg 1024w, https:\/\/vivetietar.com\/wp-content\/uploads\/2022\/03\/vivetietar_campamentos_05-1200x900-1-300x225.jpg 300w, https:\/\/vivetietar.com\/wp-content\/uploads\/2022\/03\/vivetietar_campamentos_05-1200x900-1-768x576.jpg 768w, https:\/\/vivetietar.com\/wp-content\/uploads\/2022\/03\/vivetietar_campamentos_05-1200x900-1.jpg 1200w\" sizes=\"auto, (max-width: 552px) 100vw, 552px\" \/><\/a><figcaption class=\"wp-element-caption\"><a href=\"https:\/\/photos.app.goo.gl\/CfZH9Uor2fCqSTwt5\"><mark style=\"background-color:rgba(0, 0, 0, 0)\" class=\"has-inline-color has-luminous-vivid-amber-color\">COLEGIOS \/ CAMPAMENTOS<\/mark><\/a><\/figcaption><\/figure>\n<\/div>\n\n\n\n<div class=\"wp-block-column is-layout-flow wp-block-column-is-layout-flow\">\n<figure class=\"wp-block-image size-full is-resized\"><a href=\"https:\/\/photos.app.goo.gl\/biYutW5z39VEKEg28\" target=\"_blank\" rel=\"noopener\"><img loading=\"lazy\" decoding=\"async\" src=\"https:\/\/vivetietar.com\/wp-content\/uploads\/2022\/03\/vivetietar_tour-estelar_06.jpg\" alt=\"\" class=\"wp-image-386\" width=\"552\" height=\"414\" srcset=\"https:\/\/vivetietar.com\/wp-content\/uploads\/2022\/03\/vivetietar_tour-estelar_06.jpg 720w, https:\/\/vivetietar.com\/wp-content\/uploads\/2022\/03\/vivetietar_tour-estelar_06-300x225.jpg 300w\" sizes=\"auto, (max-width: 552px) 100vw, 552px\" \/><\/a><figcaption class=\"wp-element-caption\"><a href=\"https:\/\/photos.app.goo.gl\/biYutW5z39VEKEg28\" target=\"_blank\" rel=\"noreferrer noopener\"><mark style=\"background-color:rgba(0, 0, 0, 0)\" class=\"has-inline-color has-luminous-vivid-amber-color\">TOURS ESTELARES<\/mark><\/a><\/figcaption><\/figure>\n<\/div>\n<\/div>\n\n\n\n<div class=\"wp-block-columns is-layout-flex wp-container-core-columns-is-layout-28f84493 wp-block-columns-is-layout-flex\">\n<div class=\"wp-block-column is-layout-flow wp-block-column-is-layout-flow\">\n<figure class=\"wp-block-image size-large is-resized\"><a href=\"https:\/\/photos.app.goo.gl\/kVttBftBLXVvknxs6\" target=\"_blank\" rel=\"noopener\"><img loading=\"lazy\" decoding=\"async\" src=\"https:\/\/vivetietar.com\/wp-content\/uploads\/2022\/03\/IV-Triatlon-Ciudad-de-Arenas-001-1024x768.jpg\" alt=\"\" class=\"wp-image-391\" width=\"356\" height=\"267\" srcset=\"https:\/\/vivetietar.com\/wp-content\/uploads\/2022\/03\/IV-Triatlon-Ciudad-de-Arenas-001-1024x768.jpg 1024w, https:\/\/vivetietar.com\/wp-content\/uploads\/2022\/03\/IV-Triatlon-Ciudad-de-Arenas-001-300x225.jpg 300w, https:\/\/vivetietar.com\/wp-content\/uploads\/2022\/03\/IV-Triatlon-Ciudad-de-Arenas-001-768x576.jpg 768w, https:\/\/vivetietar.com\/wp-content\/uploads\/2022\/03\/IV-Triatlon-Ciudad-de-Arenas-001.jpg 1200w\" sizes=\"auto, (max-width: 356px) 100vw, 356px\" \/><\/a><figcaption class=\"wp-element-caption\"><a href=\"https:\/\/photos.app.goo.gl\/kVttBftBLXVvknxs6\" target=\"_blank\" rel=\"noreferrer noopener\"><mark style=\"background-color:rgba(0, 0, 0, 0)\" class=\"has-inline-color has-luminous-vivid-amber-color\">EVENTOS DEPORTIVOS<\/mark><\/a><\/figcaption><\/figure>\n<\/div>\n\n\n\n<div class=\"wp-block-column is-layout-flow wp-block-column-is-layout-flow\">\n<figure class=\"wp-block-image size-large is-resized\"><a href=\"https:\/\/photos.app.goo.gl\/vZ9K83ZaveQiE9Rx9\" target=\"_blank\" rel=\"noopener\"><img loading=\"lazy\" decoding=\"async\" src=\"https:\/\/vivetietar.com\/wp-content\/uploads\/2022\/03\/vivetietar_fauna_02-1024x768.jpg\" alt=\"\" class=\"wp-image-388\" width=\"356\" height=\"267\" srcset=\"https:\/\/vivetietar.com\/wp-content\/uploads\/2022\/03\/vivetietar_fauna_02-1024x768.jpg 1024w, https:\/\/vivetietar.com\/wp-content\/uploads\/2022\/03\/vivetietar_fauna_02-300x225.jpg 300w, https:\/\/vivetietar.com\/wp-content\/uploads\/2022\/03\/vivetietar_fauna_02-768x576.jpg 768w, https:\/\/vivetietar.com\/wp-content\/uploads\/2022\/03\/vivetietar_fauna_02.jpg 1200w\" sizes=\"auto, (max-width: 356px) 100vw, 356px\" \/><\/a><figcaption class=\"wp-element-caption\"><a href=\"https:\/\/photos.app.goo.gl\/vZ9K83ZaveQiE9Rx9\" target=\"_blank\" rel=\"noreferrer noopener\"><mark style=\"background-color:rgba(0, 0, 0, 0)\" class=\"has-inline-color has-luminous-vivid-amber-color\">FAUNA DEL TI\u00c9TAR<\/mark><\/a><\/figcaption><\/figure>\n<\/div>\n\n\n\n<div class=\"wp-block-column is-layout-flow wp-block-column-is-layout-flow\">\n<figure class=\"wp-block-image size-large\"><a href=\"https:\/\/photos.app.goo.gl\/Q4G2WaeXMvxgbY3Z9\" target=\"_blank\" rel=\"noopener\"><img loading=\"lazy\" decoding=\"async\" width=\"1024\" height=\"768\" src=\"https:\/\/vivetietar.com\/wp-content\/uploads\/2022\/03\/Vivetietar_miscelanea_0001-1024x768.jpg\" alt=\"\" class=\"wp-image-394\" srcset=\"https:\/\/vivetietar.com\/wp-content\/uploads\/2022\/03\/Vivetietar_miscelanea_0001-1024x768.jpg 1024w, https:\/\/vivetietar.com\/wp-content\/uploads\/2022\/03\/Vivetietar_miscelanea_0001-300x225.jpg 300w, https:\/\/vivetietar.com\/wp-content\/uploads\/2022\/03\/Vivetietar_miscelanea_0001-768x576.jpg 768w, https:\/\/vivetietar.com\/wp-content\/uploads\/2022\/03\/Vivetietar_miscelanea_0001-1536x1152.jpg 1536w, https:\/\/vivetietar.com\/wp-content\/uploads\/2022\/03\/Vivetietar_miscelanea_0001.jpg 1600w\" sizes=\"auto, (max-width: 1024px) 100vw, 1024px\" \/><\/a><figcaption class=\"wp-element-caption\"><a href=\"https:\/\/photos.app.goo.gl\/Q4G2WaeXMvxgbY3Z9\" target=\"_blank\" rel=\"noreferrer noopener\"><mark style=\"background-color:rgba(0, 0, 0, 0)\" class=\"has-inline-color has-luminous-vivid-amber-color\">MISCEL\u00c1NEA<\/mark><\/a><\/figcaption><\/figure>\n<\/div>\n<\/div>\n\n\n\n<p class=\"has-medium-font-size\"><mark style=\"background-color:#0693e3\" class=\"has-inline-color has-white-color\"><strong>VIDEOS<\/strong><\/mark><\/p>\n\n\n\n<div class=\"wp-block-columns is-layout-flex wp-container-core-columns-is-layout-28f84493 wp-block-columns-is-layout-flex\">\n<div class=\"wp-block-column is-layout-flow wp-block-column-is-layout-flow\">\n<p style=\"text-align: center;\"><iframe loading=\"lazy\" width=\"560\" height=\"315\" src=\"https:\/\/www.youtube.com\/embed\/atObBjEX3-g\" title=\"YouTube video player\" frameborder=\"0\" allow=\"accelerometer; autoplay; clipboard-write; encrypted-media; gyroscope; picture-in-picture\" allowfullscreen=\"\"><\/iframe><\/p>\n\n\n\n<p style=\"text-align: center;\"><iframe loading=\"lazy\" width=\"560\" height=\"315\" src=\"https:\/\/www.youtube.com\/embed\/cXUNgZ7xQcU\" title=\"YouTube video player\" frameborder=\"0\" allow=\"accelerometer; autoplay; clipboard-write; encrypted-media; gyroscope; picture-in-picture\" allowfullscreen=\"\"><\/iframe><\/p>\n\n\n\n<p style=\"text-align: center;\"><iframe loading=\"lazy\" width=\"560\" height=\"315\" src=\"https:\/\/www.youtube.com\/embed\/DOCYXq7x314\" title=\"YouTube video player\" frameborder=\"0\" allow=\"accelerometer; autoplay; clipboard-write; encrypted-media; gyroscope; picture-in-picture\" allowfullscreen=\"\"><\/iframe><\/p>\n<\/div>\n\n\n\n<div class=\"wp-block-column is-layout-flow wp-block-column-is-layout-flow\">\n<p style=\"text-align: center;\"><iframe loading=\"lazy\" width=\"560\" height=\"315\" src=\"https:\/\/www.youtube.com\/embed\/9l9FZ_377S0\" title=\"YouTube video player\" frameborder=\"0\" allow=\"accelerometer; autoplay; clipboard-write; encrypted-media; gyroscope; picture-in-picture\" allowfullscreen=\"\"><\/iframe><\/p>\n\n\n\n<p style=\"text-align: center;\"><iframe loading=\"lazy\" width=\"560\" height=\"315\" src=\"https:\/\/www.youtube.com\/embed\/sL0mwpyuu64\" title=\"YouTube video player\" frameborder=\"0\" allow=\"accelerometer; autoplay; clipboard-write; encrypted-media; gyroscope; picture-in-picture\" allowfullscreen=\"\"><\/iframe><\/p>\n<\/div>\n<\/div>\n","protected":false},"excerpt":{"rendered":"<p>FOTOS VIDEOS<\/p>\n","protected":false},"author":2,"featured_media":0,"parent":0,"menu_order":0,"comment_status":"closed","ping_status":"closed","template":"","meta":{"colormag_page_container_layout":"default_layout","colormag_page_sidebar_layout":"default_layout","footnotes":""},"class_list":["post-373","page","type-page","status-publish","hentry"],"yoast_head":"<!-- This site is optimized with the Yoast SEO plugin v27.4 - https:\/\/yoast.com\/product\/yoast-seo-wordpress\/ -->\n<title>Multimedia - Viveti\u00e9tar<\/title>\n<meta name=\"robots\" content=\"index, follow, max-snippet:-1, max-image-preview:large, max-video-preview:-1\" \/>\n<link rel=\"canonical\" href=\"https:\/\/vivetietar.com\/?page_id=373\" \/>\n<meta property=\"og:locale\" content=\"es_ES\" \/>\n<meta property=\"og:type\" content=\"article\" \/>\n<meta property=\"og:title\" content=\"Multimedia - Viveti\u00e9tar\" \/>\n<meta property=\"og:description\" content=\"FOTOS VIDEOS\" \/>\n<meta property=\"og:url\" content=\"https:\/\/vivetietar.com\/?page_id=373\" \/>\n<meta property=\"og:site_name\" content=\"Viveti\u00e9tar\" \/>\n<meta property=\"article:publisher\" content=\"https:\/\/www.facebook.com\/orlando.vivetietar\/about\" \/>\n<meta property=\"article:modified_time\" content=\"2023-07-16T09:08:35+00:00\" \/>\n<meta property=\"og:image\" content=\"https:\/\/vivetietar.com\/wp-content\/uploads\/2022\/02\/vivetietar_embalse_rosarito_05.jpg\" \/>\n<meta name=\"twitter:card\" content=\"summary_large_image\" \/>\n<meta name=\"twitter:label1\" content=\"Tiempo de lectura\" \/>\n\t<meta name=\"twitter:data1\" content=\"2 minutos\" \/>\n<script type=\"application\/ld+json\" class=\"yoast-schema-graph\">{\"@context\":\"https:\\\/\\\/schema.org\",\"@graph\":[{\"@type\":\"WebPage\",\"@id\":\"https:\\\/\\\/vivetietar.com\\\/?page_id=373\",\"url\":\"https:\\\/\\\/vivetietar.com\\\/?page_id=373\",\"name\":\"Multimedia - Viveti\u00e9tar\",\"isPartOf\":{\"@id\":\"https:\\\/\\\/vivetietar.com\\\/#website\"},\"primaryImageOfPage\":{\"@id\":\"https:\\\/\\\/vivetietar.com\\\/?page_id=373#primaryimage\"},\"image\":{\"@id\":\"https:\\\/\\\/vivetietar.com\\\/?page_id=373#primaryimage\"},\"thumbnailUrl\":\"https:\\\/\\\/vivetietar.com\\\/wp-content\\\/uploads\\\/2022\\\/02\\\/vivetietar_embalse_rosarito_05.jpg\",\"datePublished\":\"2023-07-16T00:01:00+00:00\",\"dateModified\":\"2023-07-16T09:08:35+00:00\",\"breadcrumb\":{\"@id\":\"https:\\\/\\\/vivetietar.com\\\/?page_id=373#breadcrumb\"},\"inLanguage\":\"es\",\"potentialAction\":[{\"@type\":\"ReadAction\",\"target\":[\"https:\\\/\\\/vivetietar.com\\\/?page_id=373\"]}]},{\"@type\":\"ImageObject\",\"inLanguage\":\"es\",\"@id\":\"https:\\\/\\\/vivetietar.com\\\/?page_id=373#primaryimage\",\"url\":\"https:\\\/\\\/vivetietar.com\\\/wp-content\\\/uploads\\\/2022\\\/02\\\/vivetietar_embalse_rosarito_05.jpg\",\"contentUrl\":\"https:\\\/\\\/vivetietar.com\\\/wp-content\\\/uploads\\\/2022\\\/02\\\/vivetietar_embalse_rosarito_05.jpg\",\"width\":800,\"height\":600},{\"@type\":\"BreadcrumbList\",\"@id\":\"https:\\\/\\\/vivetietar.com\\\/?page_id=373#breadcrumb\",\"itemListElement\":[{\"@type\":\"ListItem\",\"position\":1,\"name\":\"Portada\",\"item\":\"https:\\\/\\\/vivetietar.com\\\/\"},{\"@type\":\"ListItem\",\"position\":2,\"name\":\"Multimedia\"}]},{\"@type\":\"WebSite\",\"@id\":\"https:\\\/\\\/vivetietar.com\\\/#website\",\"url\":\"https:\\\/\\\/vivetietar.com\\\/\",\"name\":\"Viveti\u00e9tar\",\"description\":\"Rutas y traves\u00edas en canoa y piragua; por el r\u00edo Ti\u00e9tar y el pantano de Rosarito generalmente\",\"publisher\":{\"@id\":\"https:\\\/\\\/vivetietar.com\\\/#\\\/schema\\\/person\\\/2cd054c532b9b4488b211bbccb6c0446\"},\"potentialAction\":[{\"@type\":\"SearchAction\",\"target\":{\"@type\":\"EntryPoint\",\"urlTemplate\":\"https:\\\/\\\/vivetietar.com\\\/?s={search_term_string}\"},\"query-input\":{\"@type\":\"PropertyValueSpecification\",\"valueRequired\":true,\"valueName\":\"search_term_string\"}}],\"inLanguage\":\"es\"},{\"@type\":[\"Person\",\"Organization\"],\"@id\":\"https:\\\/\\\/vivetietar.com\\\/#\\\/schema\\\/person\\\/2cd054c532b9b4488b211bbccb6c0446\",\"name\":\"vivetietar\",\"image\":{\"@type\":\"ImageObject\",\"inLanguage\":\"es\",\"@id\":\"https:\\\/\\\/vivetietar.com\\\/wp-content\\\/uploads\\\/2022\\\/02\\\/logo_vivetietar.png\",\"url\":\"https:\\\/\\\/vivetietar.com\\\/wp-content\\\/uploads\\\/2022\\\/02\\\/logo_vivetietar.png\",\"contentUrl\":\"https:\\\/\\\/vivetietar.com\\\/wp-content\\\/uploads\\\/2022\\\/02\\\/logo_vivetietar.png\",\"width\":707,\"height\":465,\"caption\":\"vivetietar\"},\"logo\":{\"@id\":\"https:\\\/\\\/vivetietar.com\\\/wp-content\\\/uploads\\\/2022\\\/02\\\/logo_vivetietar.png\"},\"sameAs\":[\"https:\\\/\\\/vivetietar.com\",\"https:\\\/\\\/www.facebook.com\\\/orlando.vivetietar\\\/about\",\"https:\\\/\\\/www.youtube.com\\\/user\\\/vivetietar\"]}]}<\/script>\n<!-- \/ Yoast SEO plugin. -->","yoast_head_json":{"title":"Multimedia - Viveti\u00e9tar","robots":{"index":"index","follow":"follow","max-snippet":"max-snippet:-1","max-image-preview":"max-image-preview:large","max-video-preview":"max-video-preview:-1"},"canonical":"https:\/\/vivetietar.com\/?page_id=373","og_locale":"es_ES","og_type":"article","og_title":"Multimedia - Viveti\u00e9tar","og_description":"FOTOS VIDEOS","og_url":"https:\/\/vivetietar.com\/?page_id=373","og_site_name":"Viveti\u00e9tar","article_publisher":"https:\/\/www.facebook.com\/orlando.vivetietar\/about","article_modified_time":"2023-07-16T09:08:35+00:00","og_image":[{"url":"https:\/\/vivetietar.com\/wp-content\/uploads\/2022\/02\/vivetietar_embalse_rosarito_05.jpg","type":"","width":"","height":""}],"twitter_card":"summary_large_image","twitter_misc":{"Tiempo de lectura":"2 minutos"},"schema":{"@context":"https:\/\/schema.org","@graph":[{"@type":"WebPage","@id":"https:\/\/vivetietar.com\/?page_id=373","url":"https:\/\/vivetietar.com\/?page_id=373","name":"Multimedia - Viveti\u00e9tar","isPartOf":{"@id":"https:\/\/vivetietar.com\/#website"},"primaryImageOfPage":{"@id":"https:\/\/vivetietar.com\/?page_id=373#primaryimage"},"image":{"@id":"https:\/\/vivetietar.com\/?page_id=373#primaryimage"},"thumbnailUrl":"https:\/\/vivetietar.com\/wp-content\/uploads\/2022\/02\/vivetietar_embalse_rosarito_05.jpg","datePublished":"2023-07-16T00:01:00+00:00","dateModified":"2023-07-16T09:08:35+00:00","breadcrumb":{"@id":"https:\/\/vivetietar.com\/?page_id=373#breadcrumb"},"inLanguage":"es","potentialAction":[{"@type":"ReadAction","target":["https:\/\/vivetietar.com\/?page_id=373"]}]},{"@type":"ImageObject","inLanguage":"es","@id":"https:\/\/vivetietar.com\/?page_id=373#primaryimage","url":"https:\/\/vivetietar.com\/wp-content\/uploads\/2022\/02\/vivetietar_embalse_rosarito_05.jpg","contentUrl":"https:\/\/vivetietar.com\/wp-content\/uploads\/2022\/02\/vivetietar_embalse_rosarito_05.jpg","width":800,"height":600},{"@type":"BreadcrumbList","@id":"https:\/\/vivetietar.com\/?page_id=373#breadcrumb","itemListElement":[{"@type":"ListItem","position":1,"name":"Portada","item":"https:\/\/vivetietar.com\/"},{"@type":"ListItem","position":2,"name":"Multimedia"}]},{"@type":"WebSite","@id":"https:\/\/vivetietar.com\/#website","url":"https:\/\/vivetietar.com\/","name":"Viveti\u00e9tar","description":"Rutas y traves\u00edas en canoa y piragua; por el r\u00edo Ti\u00e9tar y el pantano de Rosarito generalmente","publisher":{"@id":"https:\/\/vivetietar.com\/#\/schema\/person\/2cd054c532b9b4488b211bbccb6c0446"},"potentialAction":[{"@type":"SearchAction","target":{"@type":"EntryPoint","urlTemplate":"https:\/\/vivetietar.com\/?s={search_term_string}"},"query-input":{"@type":"PropertyValueSpecification","valueRequired":true,"valueName":"search_term_string"}}],"inLanguage":"es"},{"@type":["Person","Organization"],"@id":"https:\/\/vivetietar.com\/#\/schema\/person\/2cd054c532b9b4488b211bbccb6c0446","name":"vivetietar","image":{"@type":"ImageObject","inLanguage":"es","@id":"https:\/\/vivetietar.com\/wp-content\/uploads\/2022\/02\/logo_vivetietar.png","url":"https:\/\/vivetietar.com\/wp-content\/uploads\/2022\/02\/logo_vivetietar.png","contentUrl":"https:\/\/vivetietar.com\/wp-content\/uploads\/2022\/02\/logo_vivetietar.png","width":707,"height":465,"caption":"vivetietar"},"logo":{"@id":"https:\/\/vivetietar.com\/wp-content\/uploads\/2022\/02\/logo_vivetietar.png"},"sameAs":["https:\/\/vivetietar.com","https:\/\/www.facebook.com\/orlando.vivetietar\/about","https:\/\/www.youtube.com\/user\/vivetietar"]}]}},"_links":{"self":[{"href":"https:\/\/vivetietar.com\/index.php?rest_route=\/wp\/v2\/pages\/373","targetHints":{"allow":["GET"]}}],"collection":[{"href":"https:\/\/vivetietar.com\/index.php?rest_route=\/wp\/v2\/pages"}],"about":[{"href":"https:\/\/vivetietar.com\/index.php?rest_route=\/wp\/v2\/types\/page"}],"author":[{"embeddable":true,"href":"https:\/\/vivetietar.com\/index.php?rest_route=\/wp\/v2\/users\/2"}],"replies":[{"embeddable":true,"href":"https:\/\/vivetietar.com\/index.php?rest_route=%2Fwp%2Fv2%2Fcomments&post=373"}],"version-history":[{"count":20,"href":"https:\/\/vivetietar.com\/index.php?rest_route=\/wp\/v2\/pages\/373\/revisions"}],"predecessor-version":[{"id":605,"href":"https:\/\/vivetietar.com\/index.php?rest_route=\/wp\/v2\/pages\/373\/revisions\/605"}],"wp:attachment":[{"href":"https:\/\/vivetietar.com\/index.php?rest_route=%2Fwp%2Fv2%2Fmedia&parent=373"}],"curies":[{"name":"wp","href":"https:\/\/api.w.org\/{rel}","templated":true}]}}